e of -p**4/12 - 19*p**3/6 - 17*p**2. Let y be d(-8). List the prime factors of ((-4)/(-26) - 13626/351)*y.
2, 29
Let m(z) = 9693*z**2 + 90*z - 3. List the prime factors of m(-1).
2, 3, 5
What are the prime factors of 88/(-14)*1113/(-6)?
2, 11, 53
Let o be 7/(-35) - (-32)/10. Let i(c) = c**3 - 3*c**2 - c + 4. Let b be i(o). What are the prime factors of 12*b*12/24?
2, 3
What are the prime factors of (-1431717)/(-77) + (-102)/(-374)?
2, 3, 1033
Let y be ((0/(-1))/1)/(-71 + 73). Suppose y = 156*w - 155*w - 149. What are the prime factors of w?
149
Let g(u) = 2542*u + 588. List the prime factors of g(8).
2, 5231
Let a be (-1)/(-4) + 212/(-16). Let h(q) = -q**3 - 14*q**2 - 13*q + 2. Let y be h(a). Suppose -30 + 170 = y*n. List the prime factors of n.
2, 5, 7
Let n(j) = j**2 - 7*j + 27. Let p be n(9). Let b = p - 39. What are the prime factors of (339/6)/(b/12)?
113
Let u be (13 - 7)*(-726)/4. Let o = u - -2199. List the prime factors of o.
2, 3, 5, 37
Let l be 1/(3/(-12)) + 35 + 13. List the prime factors of ((-12)/8 - -6)/(2/l).
3, 11
Let i = 252 + -118. Let b = 703 + i. What are the prime factors of (5/20 - b/4)/(-1)?
11, 19
Let u(s) = -67*s + 134. Let l be u(2). Suppose l = 57*a - 83484 + 5280. What are the prime factors of a?
2, 7
Let a be (-85)/(-35) - (-27)/(-63). Suppose 476 = a*i - 5*k, -2*i - 5*k + 339 = -177. List the prime factors of i.
2, 31
Let y(c) = -573*c - 214. List the prime factors of y(-14).
2, 61
Suppose 1904 + 184 = 2*v. Suppose u = 3*w - v, -5*w - 5*u + 1740 = -0*w. Let m = 501 - w. What are the prime factors of m?
3, 17
List the prime factors of (2 - (-169)/26)*114.
3, 17, 19
Suppose -2*k - 3*m - 4 = 0, -5*k = -0*m + 2*m + 10. Let s be ((-3)/k)/(-4 + (-57)/(-12)). Suppose 0 = -s*x + 5 - 1. What are the prime factors of x?
2
Suppose 17*c - 367643 = 10*c - 2*w, -157542 = -3*c + 3*w. What are the prime factors of c?
29, 1811
Suppose 34*w - 148043 = -41079. What are the prime factors of w?
2, 11, 13
Suppose o - 4*u = -80, 5*o + 5*u = 2*u - 423. Let r = -42 + o. Let i = r + 260. List the prime factors of i.
2, 67
Suppose -4*d = 516*v - 515*v - 6382, -5*v + 32000 = 5*d. What are the prime factors of v?
2, 3203
Suppose m - 45 = z + 127, -m + 184 = 3*z. Suppose -4*g + m = -557. What are the prime factors of g?
3, 61
Let j(m) = -m**2 - 2*m - 2. Let i be j(3). Suppose -23*z - 42 = -20*z. Let u = z - i. List the prime factors of u.
3
Let d be 458/(-1 + 0 + (10 - 10)). Let h = d - -858. List the prime factors of h.
2, 5
Suppose 55 = f - 4*k, -5*k = -5*f - 4*k + 218. Let z = f - 41. Suppose z*h - 68 = 5*b - 6*b, 0 = -3*b + 3*h + 249. What are the prime factors of b?
2, 3, 13
Let w(u) = 2*u + 3. Let r(s) = s**3 + 5*s**2 + s + 1. Let g be r(-5). Let y be w(g). Let t = 20 + y. List the prime factors of t.
3, 5
Suppose -4*a = -31*a - 108. List the prime factors of (-4 + 37)/3*(2 - a).
2, 3, 11
Suppose 16058*v = 16043*v - 1185. Let k = -156 - -352. Let l = k + v. What are the prime factors of l?
3, 13
Let m be 16/9 - (-2)/45*5. Let x be (2 + (-2)/m)*5 + -4. Suppose 2*p = -3*z + 322, p = -x + 6. List the prime factors of z.
2, 13
Suppose 87*z = -162781 + 498688. List the prime factors of z.
3, 11, 13
Suppose 2*d - 119782 = -290*c + 291*c, 3*d - 5*c = 179659. What are the prime factors of d?
101, 593
Let o(p) = p**2 - 9*p + 12. Let g be o(8). Suppose 4*h - 92 = 3*y, -57 = g*y + 5*h + 45. List the prime factors of ((-513)/7 - 8/y)*-1.
73
Suppose 0 = -5*z + 4*z + 2. Suppose -8 + 2 = -z*a. Suppose 4*n - 2*v = a*v + 68, 0 = 3*n - v - 62. List the prime factors of n.
2, 11
Let v = 22554 + -9110. List the prime factors of v.
2, 3361
Let i = -6276 - -7988. List the prime factors of i.
2, 107
Let n = 29111 - 19355. List the prime factors of n.
2, 3, 271
Let m(c) = 2*c**2 - 11*c + 5. Let y be m(5). Suppose -4*a + 3605 - 545 = y. Suppose -4*j = -2 - 2, -5*j = 5*p - a. List the prime factors of p.
2, 19
Let j = -64504 + 38584. What are the prime factors of j/(-44) + (-5)/55?
19, 31
Let w be (-13)/((-39)/588) + 4. Suppose 0 = 5*z + 4*d - 703, 0 = -2*z - 4*d + w + 86. What are the prime factors of z?
139
Let h = -204 - -208. Suppose -6*z + 2*z + 139 = b, 5*z + 493 = h*b. List the prime factors of b.
127
Let a = 465 + -465. What are the prime factors of 864 + a + 0/14?
2, 3
Suppose 0 = 208*f + 152*f - 14535000. What are the prime factors of f?
5, 17, 19
Let r be ((135/(-6))/5)/((-3)/(-4)). Let d(u) = 2*u**2 + 13*u + 8. Let i be d(r). Suppose 3*q + w = 246, i*q - 3*q + 92 = -3*w. List the prime factors of q.
83
Let n = 9 + 6. Let v(l) = -l**3 + 14*l**2 + 17*l + 13. What are the prime factors of v(n)?
43
Suppose 4*h - 2785 = -673. Suppose 0 = r - h - 771. List the prime factors of r.
3, 433
Let p(h) = -h**2 + 21*h - 4. Suppose -t - 21 = -4*t. Suppose -3*q + t = -44. List the prime factors of p(q).
2
Suppose 19*m - 33*m + 129332 = 0. Suppose -11*x = -3192 - m. What are the prime factors of x?
2, 5, 113
Let o = 29852 + -15481. What are the prime factors of o?
7, 2053
Suppose 5*d + 9 - 29 = 0. Suppose -w - 2*c + 10 = -10, -d*w + 107 = -c. List the prime factors of w.
2, 13
Let g be (-37)/(-185) + 2/(-10). Suppose -x + 183 + 215 = g. List the prime factors of x.
2, 199
Suppose 0 = -52*a + 264539 - 28095. List the prime factors of a.
4547
Let u = 14 + -14. Suppose -5*t + 11 = -9. Suppose 5*c = 2*a + 304, u = -t*c + 2*a + 2*a + 236. List the prime factors of c.
2, 31
Suppose 1054830 = 65*i + 37580. List the prime factors of i.
2, 5, 313
Let f(q) = -4*q**3 - 300*q**2 + 165*q + 493. What are the prime factors of f(-79)?
2, 149, 293
Suppose 133*o - 134*o = -4. Suppose h + u - 85 = 0, o*u + 269 = -2*h + 5*h. What are the prime factors of h?
3, 29
Let v be (24/7)/((-11)/77). Let r = 93 + v. Suppose r = 4*n - 3*n. What are the prime factors of n?
3, 23
Let l = 224 + -210. List the prime factors of (1*(-36)/l)/(18/(-1092)).
2, 3, 13
Suppose 0 = 5*w + 10, -4*o - 6*w = -3*w - 10. List the prime factors of 4078/o + 2/(-4).
1019
Let s(t) = -2*t**2 - 31*t - 16. Let w be s(-15). What are the prime factors of -2 + 1/w - -908?
5, 181
Let d = 6005 + -1273. What are the prime factors of d?
2, 7, 13
Suppose -4*k = -2*c + 25716, 5*c - 64360 = 44*k - 48*k. List the prime factors of c.
2, 3217
Suppose 7*g - 2*g = 35. Let y(i) = 3 + g*i + i + 3*i - 13*i + 34*i**2. What are the prime factors of y(2)?
3, 5
Suppose 54*j = 55*j + 4*n - 25570, -102370 = -4*j - n. List the prime factors of j.
2, 67, 191
Let b(k) = -2*k**2 + 30*k + 42. Let d = 124 + -109. What are the prime factors of b(d)?
2, 3, 7
Let m(b) = 952*b**2 - 33*b - 159. List the prime factors of m(-6).
3, 11437
Let j(w) = w**3 + 25*w**2 + 47*w - 62. Let f(b) = -b + 1. Let v(r) = -4*f(r) + j(r). List the prime factors of v(-22).
2, 3, 11
Suppose 0 = 2*c + 3*c + 5*a - 135, -3*c - 2*a = -82. Suppose -248 = -4*x + 5*p, -3*x = -2*x + p - 53. Let b = x - c. What are the prime factors of b?
29
Suppose -4*h = t + 34, h = -h. Let v = 44 + t. Suppose -v*w + 87 = -303. List the prime factors of w.
3, 13
Suppose -5*v + 94 = 3*r, -r - 2*v + 2 = -29. Suppose r*u = -5133 + 23085. List the prime factors of u.
2, 17
Suppose -6 = 7*x - 9*x. Suppose 0 = -3*m - b + 775, 4*m - 4*b - 1038 = -x*b. List the prime factors of m.
7, 37
Let a(z) = 397*z**2 - 25*z - 212. List the prime factors of a(-5).
2, 4919
Let s be 84/210 + 17/(-5). List the prime factors of 321 + s/3 + 8/4.
2, 7, 23
Let p = -106 + 110. Suppose -6*t + 11*t = 5*r - 3430, p*r - 2749 = -t. List the prime factors of r.
3, 229
Let z = -86 + 28. Let j = z + 54. What are the prime factors of (-8)/(-40)*(-10)/j*252?
2, 3, 7
Let d = 12328 + 6860. What are the prime factors of d?
2, 3, 13, 41
Let h = -96 + 55. Let a = -37 - h. Suppose p + 3*k = 73, -a*k + 99 = p + 22. What are the prime factors of p?
61
Suppose -20*u - 187097 = -62*u - 9731. What are the prime factors of u?
41, 103
Suppose 0 = 3*s + n - 64388, -72*s + 3*n = -70*s - 42907. List the prime factors of s.
11, 1951
Let g = -12 + 14. Let h(a) = a**3 - 3*a**2 + a + 2. Let d be h(g). Suppose d = -2*r, u = -0*u + 4*r + 184. What are the prime factors of u?
2, 23
Let g(y) = -y**2 - 2*y + 28. Let k be g(-6). Suppose -r + 466 = -3*v, 1857 = 4*r - v - k*v. List the prime factors of r.
463
Suppose j + 34 = -7. Let c = 44 + j. Suppose -c*q + 4